. Let g(k) = 3*a(k) - 8*d(k). Let m be g(2). Let s(j) = 0*j - 11 + 3*j - j**2 + m. Calculate s(5).
-7
Let f(v) = 5 - 2 - 7*v**2 + v**3 + 10*v - 5*v**2. Give f(11).
-8
Suppose 2*v + 4*u - 16 = 0, -v - 3*u + 4 + 7 = 0. Let o(y) = 0 + 2*y - y**v - 7*y**2 - 1. Let t(f) = f - 4. Let d be t(5). What is o(d)?
-7
Let u(z) = -z**2 - 4. Let v = 4 + -2. Let i(h) be the third derivative of -h**5/60 - 2*h**2. Let w(x) = v*i(x) - u(x). Determine w(-3).
-5
Let d(k) = -3*k - 3. Let v(l) = -4*l - 4. Let z(y) = 6*d(y) - 5*v(y). Calculate z(-3).
-4
Let f(v) = 1 - v**2 - 4*v + 5*v + 6*v. Give f(6).
7
Let s(o) = -4*o**2 + 2*o**2 - 1 - o + o**2. Suppose 0 = 5*v - 5*x + 25, 7*v - 5*x = 4*v - 23. Let u = -1 - v. What is s(u)?
-1
Let b(w) be the third derivative of w**8/6720 - w**7/630 - w**6/180 - w**5/20 - w**4/12 + 2*w**2. Let r(f) be the second derivative of b(f). What is r(5)?
-1
Let a(t) = -t + 16. Let q = -103 + 110. Calculate a(q).
9
Let f(w) = w**3 + 5*w**2 + 6*w + 5. Let s be f(-3). Let t(b) = -3*b + 23 + s*b - 24 + 0*b. Let i be 8/3 - 1/(-3). Calculate t(i).
5
Let r = 20 + -18. Let o(m) = 3*m**2 - 3*m. Determine o(r).
6
Suppose 1 = -2*q - 7. Let a(g) = -g**2 + 11*g - 6. Let o(z) = -z**2 + 10*z - 5. Let v(s) = q*o(s) + 3*a(s). Give v(7).
2
Let l(v) = -v - 8. Let y(u) = -7*u**2 + 3*u - 2. Let n be y(1). What is l(n)?
-2
Let r(z) = z**3 - 4*z**2 - 5*z - 6. Let b(n) = 2*n - 3. Let g be (15/20)/(1/4). Suppose 6*d - 12 = g*d. Let m be b(d). Calculate r(m).
-6
Let c(u) = -10*u**3 - 2*u**2 + 2. Let t(n) = -5*n**3 - n**2 + 1. Let q(j) = 3*c(j) - 5*t(j). Determine q(-1).
5
Let k(o) be the third derivative of 0 + 1/120*o**6 - o**2 + 1/12*o**4 - 1/6*o**3 - 1/15*o**5 + 0*o. Suppose 8 + 7 = 5*w. Give k(w).
-4
Let g(d) = -3*d**3 - 10*d**2 - 5*d + 8. Let z(w) = -7*w**3 - 21*w**2 - 10*w + 15. Let m(n) = 5*g(n) - 2*z(n). Determine m(-7).
-4
Let t(w) = 0*w - 6 + 4*w - w + 16. Determine t(-7).
-11
Let w(y) = 0 + 0 - 1 + 2*y + 6*y. Calculate w(1).
7
Let t(o) be the second derivative of o**5/20 - o**4/3 + o**3/6 + o**2/2 + 7*o. Let f be t(4). Let h(g) = g**3 - 5*g**2 - 3*g + 7. What is h(f)?
-8
Let v(j) = 97*j - 199*j - 4 + 99*j. Calculate v(3).
-13
Let z(p) = -p - 5. Let l(v) = -v**2 + 4*v + 2. Let x be l(5). Give z(x).
-2
Let o(z) = 7*z**3 - 5*z**2 - 3*z - 17. Let u(f) = -3*f**3 + 2*f**2 + f + 8. Let g(n) = 2*o(n) + 5*u(n). What is g(0)?
6
Let r(k) = k**3 - k. Suppose 5*n - 9*n - 4 = 0. Determine r(n).
0
Let p(k) = k**2 - k - 6. Let c(f) = -f**2 + f + 5. Let d(h) = -6*c(h) - 5*p(h). What is d(1)?
0
Suppose 2*s + 14 = 4*s. Suppose 4*i - 19 + s = 0. Let m(p) = -1. Let y(l) = -2*l**2 + 3*l + 6. Let r(k) = -4*m(k) - y(k). Determine r(i).
7
Let t(w) = w**3 + 6*w**2 + w + 3. Let x be t(-6). Let j(c) = -2*c - 25*c**2 + 24*c**2 + 6 + 0*c - 2*c - 5. Calculate j(x).
4
Let k be (-21)/12*(-1 - -5). Let x = -7 - k. Let c(b) = -b**2 - b - 2. What is c(x)?
-2
Let o(u) = -u**2 - u - 1. Let l(z) = 4*z**3 - 6*z**2 - 5*z - 1. Let q(h) = -l(h) + 5*o(h). Let j(c) = 3*c**3 + 3. Let n(b) = 3*j(b) + 2*q(b). Give n(-2).
1
Let f be 0/((-1 + 0)/1). Let k = 8 + -8. Let v(o) = 1 + k + 0 - o + 2. Determine v(f).
3
Let z(w) be the third derivative of -w**4/24 + w**3/6 - 47*w**2. Give z(2).
-1
Let n(w) = -w**2 + 1. Let a(t) = t**3 - 8*t**2 + t - 10. Let s be a(8). Let p be 3/s*(-52)/(-39). Determine n(p).
-3
Let j(w) be the second derivative of w**2 + w + 0 + 1/6*w**3. Let v(o) = 3*o + 58. Let a be v(-18). What is j(a)?
6
Suppose 4*c + 4 = -0*c. Let o(d) be the first derivative of -5*d**2/2 + d - 1. Calculate o(c).
6
Let u = -3 - -6. Suppose -4*b - 35 = 5*m, 0*m = -5*m + u*b. Let g(l) = 1. Let j(c) = c + 2. Let h(d) = 6*g(d) - 2*j(d). What is h(m)?
8
Let v(q) be the third derivative of q**4/24 - q**3/3 - q**2. Determine v(-2).
-4
Let m(o) = o - 4. Let b = -26 + 31. Give m(b).
1
Suppose 3*a - 6*a + 6 = 3*q, 2*q = -4*a + 8. Suppose 24 = -4*r - q. Let x(p) = -p**2 - 3*p + 6. What is x(r)?
-12
Suppose 5*a + 2 - 22 = 0. Suppose 2*o + 0*o + 3*u = 21, 5*u - 9 = o. Let p be 8/o*6/a. Let c(f) = f**2 - 3*f + 2. Give c(p).
0
Let s(y) = y. Let d(p) = 5*p**3 + p**2 - 3*p - 1. Let i(j) = d(j) + 4*s(j). Calculate i(1).
6
Let o(p) = 2 - 2*p**2 - 22*p - 2 + 24*p. Calculate o(2).
-4
Let y(n) be the first derivative of n**4 - 11*n**3/3 - 19*n**2/2 + 3*n - 5. Let p(o) = o**3 - 3*o**2 - 5*o + 1. Let t(g) = -9*p(g) + 2*y(g). What is t(6)?
3
Let k(b) = -b**3 + 7*b**2 + 5. Let z = -18 - -25. What is k(z)?
5
Let w be (-9)/9*(1 + 6). Let z(y) = y**2 + 6*y - 2. What is z(w)?
5
Let y(i) be the first derivative of i**6/360 - i**5/40 + i**4/8 + 4*i**3/3 + 2. Let r(t) be the third derivative of y(t). Calculate r(4).
7
Let x(y) = -11 - 5*y**2 + 7 + 4*y**2. What is x(4)?
-20
Let l(o) = -o**3 + 5*o**2 - 5*o + 6. Let t(q) = -q + 2. Let b be t(-2). What is l(b)?
2
Suppose -5*t - 44 + 9 = -5*i, -i + 5*t + 15 = 0. Let v(c) = c**2 - 7*c + 1. What is v(i)?
-9
Let r(h) be the second derivative of -7*h**3/6 + 4*h**2 - 5*h. Let d(i) = 6*i - 7. Let z(j) = 6*d(j) + 5*r(j). Give z(3).
1
Let s(g) be the first derivative of g**2/2 + 2*g - 2. Calculate s(5).
7
Let i(c) = -5*c. Let r(k) = -k**2 + 6*k - 3. Let f be r(5). Determine i(f).
-10
Let p(s) be the first derivative of s**4/4 + 8*s**3/3 - s**2 - 3*s + 23. What is p(-8)?
13
Let w(k) = -2*k**2 - k - 6*k + 3*k + 5 + 0*k. Let i(r) be the third derivative of -r**5/20 - r**4/6 + r**3 + 2*r**2. Let x(n) = -3*i(n) + 4*w(n). What is x(4)?
2
Let m(b) = -6*b**3 - 55*b**2 + b + 3*b**3 + 52*b**2 + 4*b**3 + 2. What is m(3)?
5
Let f(l) = -3*l**2 + 5*l + 6. Suppose 0 = -a + 3*j + 11, -2*a + 3*j - 2*j = -7. Let p(i) = -13*i**2 + 20*i + 25. Let z(c) = a*p(c) - 9*f(c). Calculate z(6).
2
Let m(j) be the first derivative of -3 + j**2 + 7*j + 4/3*j**3 - 1/4*j**4. Give m(5).
-8
Let o(r) = 36 - 34 - 2*r + r. Determine o(5).
-3
Suppose 4*a - 20 = -4*n, -2*n = 2*n - a - 10. Let g be 3/12 + 3/(-12). Let c(p) = 2*p - 4 + 0 + 2 + g. Calculate c(n).
4
Let h(c) be the second derivative of -c**4/12 - 9*c**2/2 - 10*c. Determine h(0).
-9
Let n be (2/(-3)*-1)/(4/(-24)). Let u(v) = -v**3 - 5*v**2 - 3*v - 2. Give u(n).
-6
Suppose -3*g - 4*g - 14 = 0. Let k(o) = 2*o**2 + o - 2. What is k(g)?
4
Let n(r) = -3*r**2. Suppose 0 = 3*m + 4 + 2. Suppose 2*w + 6 = -w. Let k be 0 - w/m - -2. Give n(k).
-3
Let y(a) = -89 - 3*a + 2*a + 92. What is y(6)?
-3
Let r(p) = p**2 + 3*p - 4. Let d(n) = -n + 1. Let m be d(6). Calculate r(m).
6
Let n(f) = 6 - 2*f - 4 + 4. Let r(s) = s**3 - 2*s**2 - 2*s - 4. Let q be r(4). Suppose -q = -5*g - 0*g. Calculate n(g).
-2
Let c(p) = -p + 9. Let d be c(5). Let l(f) = -4*f**3 + f**2 - 3 + 2 + 5*f**3. Let r(g) = 4*g**3 + 9*g**2 - 6. Let y(n) = 5*l(n) - r(n). Give y(d).
1
Let k be 0/(-3 - 0)*(1 + 0). Let f(r) = -4*r**2 + r + 4. Let d(j) = -j**2 - 2 + 2*j**2 + 1. Let l(a) = -5*d(a) - f(a). Calculate l(k).
1
Let x(c) = -2*c**3 + 1832 + 0*c**3 - 2*c + 2*c**2 - 1831. Suppose -s - 4*s + 10 = 0. What is x(s)?
-11
Let f(r) = 3 + 4 - r - 7. What is f(0)?
0
Let b(k) be the third derivative of k**5/60 + k**4/3 - 3*k**3/2 - 27*k**2. Calculate b(-9).
0
Let p(r) = -6*r**2 + 0*r**3 - 3*r**3 - 6*r + 2*r**3. Let i = -20 - -31. Let z(m) = -m + 6. Let x be z(i). What is p(x)?
5
Let c(h) = h**2 - 6*h - 4. Let j be c(7). Suppose -j*d = -d - 10. Let o(z) = -z**2 + 4*z - 2. Calculate o(d).
-7
Suppose -6*q + 3*q = 0. Let k(n) = n**3 + n**2 - 7. Calculate k(q).
-7
Let y(b) = -2*b. Let z be (-6)/(-12) + 34/(-4). Calculate y(z).
16
Suppose 5*u - 11 = 4*d, 5*d - 3*u = 2*u - 15. Let g(l) be the first derivative of 5/2*l**2 + 1 + 1/3*l**3 - 2*l. Calculate g(d).
-6
Let v(m) = 3*m**2 - 6*m + 5. Let f(w) = 5*w - 7*w**2 - 4 + 7*w - 8 + 2. Let x(s) = -2*f(s) - 5*v(s). What is x(4)?
3
Let q(v) = v - 9. Let c = 16 + -11. Give q(c).
-4
Let y(n) = -n - 12. Let u(d) = 5*d + 10. Let f be u(-2). Give y(f).
-12
Let w(b) = b**3 - 3*b**2 - 4*b - 1. Let h be w(4). Let x be (4/(-1))/(h + 3). Let a(v) = -3*v - 2. What is a(x)?
4
Let n(i) = i**3 + 4*i**2 - 5*i - 5. Let u be -3*(-8)/(-48)*1*10. Calculate n(u).
-5
Let u(q) = q**3 + 5*q**2 + 5*q + 2. Let t be u(-3). Let n(p) = 3*p + 3. Let b(w) = -2*w - 1. Let d(c) = 5*b(c) + 3*n(c). Give d(t).
-1
Let t(s) be the first derivative of -s**7/840 - s**6/60 + s**5/20 - s**4/8 + 8*s**3/3 + 4. Let x(f) be the third derivati